 digit of s?
8
Suppose 2*j + 2*b = 4734, 522*b - 7113 = -3*j + 517*b. What is the hundreds digit of j?
3
Let o = -12370 - -20563. What is the tens digit of o?
9
Let v(x) = 2*x**2 - 28*x + 31. Let p be v(13). Suppose 606 - 3546 = -p*z. What is the units digit of z?
8
Let m be 6/36 + 125/(-30) - -2. Let t(q) = 150*q**2 + 10*q + 10. What is the units digit of t(m)?
0
Let s(i) be the second derivative of -i**3/3 - 5*i**2 - 11*i. Let a be s(-16). Suppose -20*j = -a*j + 182. What is the tens digit of j?
9
Let c(w) = w**3 + 33*w**2 + 29*w - 13. Suppose -130 = 4*a - 2*s, -a - a = -2*s + 66. What is the units digit of c(a)?
3
Let o = 2534 - 543. What is the thousands digit of o?
1
Suppose 0 = -31*x - 305524 + 1460925. What is the hundreds digit of x?
2
Let k(z) = -293*z - 807. What is the thousands digit of k(-9)?
1
Let p = 132 - -79. Suppose -4*s + 1714 = b + p, 5*s + 4*b = 1887. What is the units digit of s?
5
What is the tens digit of ((-3)/(-12))/(86/2706248)?
6
Let z = -43 + 42. What is the units digit of (296/(-3))/((10 + z)/(-27))?
6
Let i(w) = -w**2 + w. Let f(c) = -c**3 + 7*c**2 + 18*c - 16. Let x(a) = f(a) + i(a). Let u be (-4)/(-14) - (1 + (-162)/21). What is the units digit of x(u)?
8
Suppose -q = 2*m - 39, -4*q = 4*m - 26 - 46. Suppose 0 = -b + 5*g + m, -35 = -4*b + 3*g - 2. What is the units digit of -20*((-27)/b - 3) + -3?
7
Let f(w) = -w**2 - 13*w + 6. Suppose 4*v - 2*s + 62 = -4*s, -s - 3 = 0. Let j be f(v). What is the units digit of -6*1*52/j?
9
Suppose 51 = 5*d + 41. What is the hundreds digit of 5 - d - 6/(-9)*807?
5
Let d(p) = -649*p - 610. What is the hundreds digit of d(-3)?
3
What is the thousands digit of (-5)/(-13 - (-197604)/15201)?
8
Let g = -2518 - -6198. What is the thousands digit of g?
3
Let p(q) = 2*q**2 + 273*q + 40. What is the units digit of p(30)?
0
Suppose 28*t = 10*t + 29196. Let i = t - 613. What is the units digit of i?
9
Suppose -4*f + 9 - 25 = 0, 4*f - 11074 = -d. What is the units digit of d?
0
Suppose 63*a + 16683 - 124299 = 604473. What is the hundreds digit of a?
3
Let m(z) = 10*z**2 + z + 34. Let t(x) = -x**3 - x**2 + 4*x + 2. Let q be t(-3). What is the units digit of m(q)?
2
Let i = 244 - 242. Suppose -2*g - 532 = -r - 4, i*r - 2*g - 1048 = 0. What is the units digit of r?
0
Let v be 52*((-8)/2)/4. Let k = -51 - v. What is the tens digit of -1 + k + 104 + (-17 - -21)?
0
Let j = -23177 - -37163. What is the units digit of j?
6
Let b(o) = o**2 - o. Let j be b(3). Let p be (-629)/(-11) + j/(-33). Let w = 144 - p. What is the units digit of w?
7
Suppose -2*i = -i - 24. Suppose -5*w + 3*j + i = 0, 2*w + w = -5*j - 6. Suppose -c + w = -7. What is the tens digit of c?
1
Let f = 8597 + -2243. What is the units digit of f?
4
What is the hundreds digit of 4305/41*48/15?
3
Let u = -498 - -490. What is the tens digit of (-6 + u - -6) + 1091?
8
Let z be (-15)/(-2) + (-10)/20. Let q(y) = y**3 - 7*y**2 + 7*y - 10. Let k be q(z). What is the tens digit of 2100/k + (-2)/(-13)?
5
Let o(l) = -4*l**2 - 30*l + 96. Let y be o(-20). Let i = 240 - y. What is the tens digit of i?
4
Let d(j) = 5205*j - 6490. What is the ten thousands digit of d(7)?
2
Let d(g) be the third derivative of g**6/80 - 11*g**5/120 - 5*g**4/12 - 10*g**2. Let c(y) be the second derivative of d(y). What is the tens digit of c(6)?
4
Let k(u) = 5*u**3 + 277*u**2 + 36*u + 67. What is the tens digit of k(-53)?
6
Let a = -11285 + 29312. What is the hundreds digit of a?
0
Let c(d) = -3*d**3 + 111*d**2 + 19*d + 4. What is the thousands digit of c(22)?
2
Let n = 10202 - 1563. What is the units digit of n?
9
Let g(n) = 12*n**3 + 14*n**2 + 290*n - 4590. What is the units digit of g(16)?
6
Let j(f) = -f**3 + 11*f**2 + 45. Let q be j(11). What is the units digit of (10170/q)/((-2)/(-10))?
0
Suppose -186 = 13*p - 7*p. Let f(n) = -19*n + 95. What is the units digit of f(p)?
4
Let p(v) = 2585*v**2 + 58*v - 34. What is the hundreds digit of p(-3)?
0
Let o(y) = -88*y + 56. Let r be o(-17). Suppose 9 = 3*d, -5*q - d + 4215 = r. What is the hundreds digit of q?
5
Let n = 495 - -388. Suppose -n = -2*w + 47. What is the units digit of w?
5
Let a = 88592 - 53926. What is the thousands digit of a?
4
Suppose j = 5, -48*j + 52*j = 4*z - 13152. What is the hundreds digit of z?
2
What is the hundreds digit of 3994 + -33 + 17 - -9?
9
Suppose -9*m + m = -61680. Suppose -6*f = -0*f - m. What is the hundreds digit of f?
2
Let o be (1*1285/(-5))/(-1). Suppose -2*k + 839 = -5*h, -o = -k + 4*h + 161. What is the tens digit of k?
2
Let k(j) = 2019*j**2 - 190*j + 964. What is the hundreds digit of k(5)?
4
What is the tens digit of 1 + 4 + -7 + (25 - -2591)?
1
Suppose -3*x - 323 = -263. Let c(w) = w**2 - 2*w + 42. What is the units digit of c(x)?
2
Let i(k) = 22*k**2 + 3*k + 5. Let w be i(-7). Suppose p + 444 = 2*s - 279, 3*s + 3*p = w. What is the hundreds digit of s?
3
Let n be -6*1*(2 + -3). Suppose -20 = n*d - 7*d. Suppose -3*t - 3*m + 327 = 0, 4*m + 0*m - d = 0. What is the hundreds digit of t?
1
Suppose 13*t = 10*t + 519. Let b = 198 - t. What is the tens digit of b?
2
Let c = 328 + -325. Suppose 881 = -c*t + 2696. What is the tens digit of t?
0
Suppose t - x = 6812, -5*t - x + 16598 = -17462. What is the units digit of t?
2
Suppose 3383673 = -377*z + 22210299. What is the ten thousands digit of z?
4
Let t(x) = 38*x + 39. Let f be t(-1). Let p(l) = -75*l + 15. Let c(k) = -1. Let v(a) = -15*c(a) - p(a). What is the units digit of v(f)?
5
Let o(s) = 961*s**2 + 451*s + 1821. What is the units digit of o(-4)?
3
Suppose 8*i - 5*i + 3 = 0, -3*a = -5*i - 11. Suppose -a*k + 5*t + 2380 = 0, 2*t - 3762 = -3*k - 192. What is the units digit of k?
0
Suppose 601*r - 11606558 = 21888975. What is the thousands digit of r?
5
Suppose 79*o - 690844 = 97181. What is the units digit of o?
5
Suppose 0 = -113*u + 213*u - 2247100. What is the thousands digit of u?
2
Let q(x) = -x**2 + 17*x + 8. Let v(j) = 14*j**3 - j**2 - 2*j + 2. Let g be v(1). Let i = 22 - g. What is the tens digit of q(i)?
8
Let f be ((7 - 4)/((-3)/58))/(-2). Suppose f*l = 20*l + 1449. What is the hundreds digit of l?
1
Suppose -1 = y - 4. Let g be 33880/726*2/(-10)*6. What is the tens digit of 138/(-18) - -8 - g/y?
1
Let m be (4 + -3)/(2/(-18)). Let h(n) = -n**2 - 7*n + 20. Let u be h(m). Suppose u*q = 4*s - 10, -3*q + 2*s - 3 = -0*s. What is the units digit of q?
1
Let s(i) = 12*i + 31. Let x be s(-11). Let b = x + 105. Suppose -p + 21 = -4*j - 93, -4*p - b*j = -516. What is the tens digit of p?
2
What is the tens digit of 25834 + -2 - (9 + -24)/(-3)?
2
Let z(u) = 593*u**2 - 2*u + 2. Let r be z(1). Let x = r - 299. What is the hundreds digit of x?
2
Suppose 1095 = -5*k - 1145. What is the tens digit of (k/21)/(-16)*(178 + -1)?
3
Let s(c) = -150*c - 255. What is the hundreds digit of s(-19)?
5
Let w(z) = z**2 - 4*z + 5. Let i be w(2). Let y be i + -1 - 4*(-2 + 1). Suppose y*d - c - 258 = 0, -3*c - 202 = -3*d + 2*c. What is the units digit of d?
4
Let u = -49 - -77. Suppose 0 = -u*d + 42*d - 5250. What is the units digit of d?
5
Suppose i + 5 = -3*m, -3*m + 5*i + 25 = -6*m. Let c be (6/9)/(-2)*m. Suppose -5*o + 2*o + 351 = c. What is the hundreds digit of o?
1
Let n = 9175 + -7649. What is the hundreds digit of n?
5
Suppose -5*b = -0*u + 2*u - 12, -7 = -5*u - b. What is the units digit of 33*u - (7 + -9 - 0)?
5
Let q be 5 + 10/(-2) + 5. Suppose -758 = -q*v - 18. What is the units digit of v?
8
Suppose 3*t = 5*m + 580, -2*t = -4*t - 3*m + 374. Suppose -128*a + 126*a = -t. What is the units digit of a?
5
Let g(r) = -3*r**2 - 9*r + 57. Let x be g(5). Let a = x - -325. What is the tens digit of a?
6
Let s(v) = v**3 - 34*v**2 + 24*v - 81. Let w be s(33). Let d = w - -773. What is the hundreds digit of d?
3
What is the hundreds digit of (-13 + (-2199)/(-21))*77?
0
Let b = 2239 - 655. Let c = b - 973. What is the hundreds digit of c?
6
Let c(t) be the third derivative of 13*t**4/24 - 3*t**3/2 - 33*t**2. Let x be c(14). Let j = x + -102. What is the tens digit of j?
7
Let n(r) = -255 + 26 - 26*r - 52 - 48*r + 34. What is the units digit of n(-12)?
1
Suppose 32 - 50 = -2*c. Suppose -c*f = -1005 - 750. What is the hundreds digit of f?
1
Let y be ((-952)/(-60))/1 + (-4)/(-30). Let m be (-1)/8 + -1 + 5522/y. Suppose 2*p + 446 = 5*z + 1, -4*z = 